digit of 16129995?
5
What is the units digit of 479720?
0
What is the units digit of 465049?
9
What is the hundreds digit of 762406?
4
What is the millions digit of 26610086?
6
What is the units digit of 8573138?
8
What is the thousands digit of 7923744?
3
What is the ten thousands digit of 15171798?
7
What is the hundreds digit of 341540?
5
What is the tens digit of 27634963?
6
What is the hundreds digit of 2341500?
5
What is the hundreds digit of 1379669?
6
What is the hundred thousands digit of 383931?
3
What is the ten thousands digit of 6929368?
2
What is the units digit of 212583?
3
What is the thousands digit of 78222?
8
What is the units digit of 518057?
7
What is the units digit of 69687?
7
What is the units digit of 29201683?
3
What is the thousands digit of 8613298?
3
What is the millions digit of 2209820?
2
What is the tens digit of 58559?
5
What is the ten thousands digit of 2040049?
4
What is the ten thousands digit of 1188379?
8
What is the units digit of 7992767?
7
What is the units digit of 473252?
2
What is the tens digit of 886534?
3
What is the tens digit of 2452726?
2
What is the units digit of 127503?
3
What is the tens digit of 90305?
0
What is the hundreds digit of 16739285?
2
What is the ten millions digit of 11024293?
1
What is the hundreds digit of 619723?
7
What is the hundred thousands digit of 10993208?
9
What is the hundreds digit of 926201?
2
What is the thousands digit of 180160?
0
What is the tens digit of 11437703?
0
What is the ten thousands digit of 71749?
7
What is the units digit of 4075150?
0
What is the ten millions digit of 13151437?
1
What is the units digit of 627322?
2
What is the hundreds digit of 6119446?
4
What is the ten thousands digit of 87121?
8
What is the tens digit of 7743929?
2
What is the hundred thousands digit of 1135775?
1
What is the hundreds digit of 832439?
4
What is the units digit of 2078562?
2
What is the thousands digit of 345291?
5
What is the tens digit of 3097344?
4
What is the tens digit of 830975?
7
What is the thousands digit of 908105?
8
What is the tens digit of 2886742?
4
What is the units digit of 79817?
7
What is the tens digit of 5955958?
5
What is the thousands digit of 421998?
1
What is the hundred thousands digit of 107689?
1
What is the tens digit of 26167?
6
What is the hundred thousands digit of 7761687?
7
What is the tens digit of 2727890?
9
What is the tens digit of 8569498?
9
What is the hundreds digit of 9438774?
7
What is the ten thousands digit of 1346343?
4
What is the thousands digit of 726747?
6
What is the hundreds digit of 491086?
0
What is the ten thousands digit of 21782057?
8
What is the ten thousands digit of 3473767?
7
What is the hundreds digit of 187092?
0
What is the ten thousands digit of 591395?
9
What is the tens digit of 149347?
4
What is the thousands digit of 6351229?
1
What is the millions digit of 10174106?
0
What is the ten thousands digit of 1062051?
6
What is the hundreds digit of 758777?
7
What is the hundreds digit of 380968?
9
What is the tens digit of 23567590?
9
What is the hundred thousands digit of 1969939?
9
What is the units digit of 3979515?
5
What is the hundreds digit of 885645?
6
What is the units digit of 93704?
4
What is the thousands digit of 1173194?
3
What is the hundreds digit of 40640?
6
What is the ten thousands digit of 8426412?
2
What is the hundred thousands digit of 235047?
2
What is the hundreds digit of 3851172?
1
What is the thousands digit of 1898?
1
What is the hundreds digit of 180724?
7
What is the ten thousands digit of 1339202?
3
What is the tens digit of 2450635?
3
What is the tens digit of 2201978?
7
What is the units digit of 23309832?
2
What is the tens digit of 319459?
5
What is the ten thousands digit of 223095?
2
What is the ten thousands digit of 3474275?
7
What is the ten thousands digit of 461189?
6
What is the hundred thousands digit of 6559792?
5
What is the hundred thousands digit of 119120?
1
What is the tens digit of 564107?
0
What is the hundreds digit of 18271977?
9
What is the hundred thousands digit of 2636194?
6
What is the units digit of 14620801?
1
What is the thousands digit of 18942123?
2
What is the ten thousands digit of 199805?
9
What is the ten thousands digit of 218096?
1
What is the units digit of 3417632?
2
What is the thousands digit of 8183624?
3
What is the thousands digit of 937815?
7
What is the hundred thousands digit of 181996?
1
What is the hundreds digit of 4769129?
1
What is the ten thousands digit of 14131940?
3
What is the hundreds digit of 379828?
8
What is the hundred thousands digit of 526822?
5
What is the tens digit of 3311047?
4
What is the hundreds digit of 87616?
6
What is the hundreds digit of 4137167?
1
What is the ten thousands digit of 5073185?
7
What is the millions digit of 10565243?
0
What is the hundreds digit of 128265?
2
What is the ten millions digit of 10817883?
1
What is the ten thousands digit of 4791768?
9
What is the hundred thousands digit of 1160854?
1
What is the tens digit of 259782?
8
What is the hundreds digit of 9777245?
2
What is the ten thousands digit of 293311?
9
What is the ten thousands digit of 272382?
7
What is the tens digit of 35641?
4
What is the units digit of 1143754?
4
What is the hundreds digit of 209842?
8
What is the hundred thousands digit of 381401?
3
What is the ten thousands digit of 238716?
3
What is the hundreds digit of 209447?
4
What is the ten thousands digit of 11275?
1
What is the ten millions digit of 29888222?
2
What is the hundred thousands digit of 160308?
1
What is the ten millions digit of 13603335?
1
What is the tens digit of 4758552?
5
What is the thousands digit of 78427?
8
What is the tens digit of 3616166?
6
What is the tens digit of 643607?
0
What is the tens digit of 688610?
1
What is the hundreds digit of 2190729?
7
What is the hundred thousands digit of 2273801?
2
What is the ten thousands digit of 37967477?
6
What is the thousands digit of 1593294?
3
What is the tens digit of 527186?
8
What is the tens digit of 3367881?
8
What is the units digit of 1151946?
6
What is the units digit of 3159900?
0
What is the millions digit of 1353658?
1
What is the units digit of 12340311?
1
What is the hundreds digit of 149880?
8
What is the hundreds digit of 267899?
8
What is the hundreds digit of 1934832?
8
What is the millions digit of 1054053?
1
What is the ten thousands digit of 595108?
9
What is the units digit of 277684?
4
What is the thousands digit of 21317302?
7
What is the thousands digit of 450072?
0
What is the hundreds digit of 28220160?
1
What is the units digit of 324027?
7
What is the hundred thousands digit of 486294?
4
What is the millions digit of 2879053?
2
What is the ten millions digit of 24495113?
2
What is the tens digit of 11253973?
7
What is the hundreds digit of 2322883?
8
What is the hundreds digit of 1834061?
0
What is the hundreds digit of 10771442?
4
What is the units digit of 315972?
2
What is the units digit of 6319109?
9
What is the thousands digit of 172443?
2
What is the thousands digit of 782599?
2
What is the hundred thousands digit of 452338?
4
What is the units digit of 4558191?
1
What is the tens digit of 5241912?
1
What is the tens digit of 18216631?
3
What is the thousands digit of 340739?
0
What is the hundreds digit of 691823?
8
What is the hundred thousands digit of 12001895?
0
What is the millions digit of 1531610?
1
What is the units digit of 1117284?
4
What is the ten millions digit of 14403966?
1
What is the tens digit of 12871441?
4
What is the thousands digit of 3368572?
8
What is the tens digit of 9438549?
4
What is the units digit of 15197947?
7
What is the units digit of 4344855?
5
What is the thousands digit of 544733?
4
What is the tens digit of 702982?
8
What is the thousands digit of 1674952?
4
What is the tens digit of 6709274?
7
What is the ten thousands digit of 141950?
4
What is the hundreds digit of 1634533?
5
What is the tens digit of 8677571?
7
What is the hundred thousands digit of 452378?
4
What is the tens digit of 21554530?
3
What is the units digit of 181797?
7
What is the hundreds digit of 295940?
9
What is the thousands digit of 865383?
5
What is the hundred thousands digit of 673840?
6
What is the hundreds digit of 101